-3550e
In base 6, what is -2 + -5412430104?
-5412430110
In base 10, what is 172573011 - -5?
172573016
In base 4, what is 22111 + 3023131?
3111302
In base 5, what is -322343430321 + 2?
-322343430314
In base 12, what is -642b6949 - 0?
-642b6949
In base 6, what is 4 + -52450210?
-52450202
In base 12, what is -2513a - -45?
-250b5
In base 7, what is -643564 + -543?
-644440
In base 9, what is -1250 + 288307?
287047
In base 4, what is 31223110100 + -2301?
31223101133
In base 14, what is -265 + 9260d?
92388
In base 11, what is 183a644 + 19?
183a662
In base 6, what is 1551 - 4024200?
-4022205
In base 6, what is -54 + -12102333?
-12102431
In base 4, what is -11213121 + 3231030?
-1322031
In base 9, what is 3386830 - -183?
3387123
In base 3, what is -121210100120 - 2221?
-121210110111
In base 8, what is 167215 + 6420?
175635
In base 8, what is -4723652 - 25?
-4723677
In base 9, what is -333 + -24531?
-24864
In base 4, what is 2 + -122200100211?
-122200100203
In base 9, what is -34 - 6064735?
-6064770
In base 13, what is -c - 4c8b153?
-4c8b162
In base 15, what is -16b85ba + -4?
-16b85be
In base 8, what is -1265 + 1145?
-120
In base 9, what is -36108050 + -8?
-36108058
In base 6, what is 1355101543 - 0?
1355101543
In base 2, what is 10100101000001111000 - -11011111?
10100101000101010111
In base 8, what is 105 - 56653?
-56546
In base 11, what is -a3 - -42411?
42319
In base 8, what is -1306222127 + 1?
-1306222126
In base 7, what is 5 + 3565614142?
3565614150
In base 4, what is -11 + 320111201013?
320111201002
In base 2, what is 11010110010111 + 1000000010?
11011110011001
In base 3, what is 201111 + -220211001?
-220002120
In base 14, what is -1347c31b - -5?
-1347c316
In base 8, what is 0 - 1643073501?
-1643073501
In base 14, what is 3 - 40badb7?
-40badb4
In base 15, what is 4953a06 + -a?
49539eb
In base 10, what is -254 - 66845?
-67099
In base 2, what is 10 + -11011001011011000100100?
-11011001011011000100010
In base 4, what is 31 - 103032321?
-103032230
In base 10, what is -133220812 - 6?
-133220818
In base 6, what is -422015 - 222?
-422241
In base 14, what is 4a + 8627?
8673
In base 5, what is 32 - 13013340?
-13013303
In base 10, what is 4 - 2722361?
-2722357
In base 8, what is 2 + 2240710?
2240712
In base 12, what is -12 - 536274?
-536286
In base 3, what is 101111112021 + -10220?
101111101101
In base 4, what is 1121130 - -12210?
1200000
In base 2, what is -100 + -10101111001010110001001?
-10101111001010110001101
In base 3, what is -2101 - 100101211012?
-100101220120
In base 16, what is -13e7 - -29d?
-114a
In base 14, what is 1c36b - -c?
1c379
In base 8, what is -7676 - 165440?
-175336
In base 6, what is -15 + 133024140?
133024121
In base 3, what is -122101 - -111110102?
110211001
In base 8, what is 30127231 + 13?
30127244
In base 13, what is 187597 + -4?
187593
In base 15, what is 20acd - 19?
20ab4
In base 8, what is -11763604460 - 4?
-11763604464
In base 3, what is 2221222020111 + -10212?
2221222002122
In base 4, what is 13 + -221001230201?
-221001230122
In base 5, what is -10 + -33312234?
-33312244
In base 15, what is 34482a + 2?
34482c
In base 2, what is -1111 - -1101110000000110?
1101101111110111
In base 2, what is -110110000000111 - 10110000101?
-111000110001100
In base 4, what is 2 - -12301133021033?
12301133021101
In base 14, what is -3362a2d + 5?
-3362a28
In base 4, what is -1133022 + 13303300?
12110212
In base 3, what is 210 + -20112021002212?
-20112021002002
In base 3, what is -101110102011 + 22101?
-101110002210
In base 14, what is -4 + 2b550?
2b54a
In base 14, what is 1 + 102a3?
102a4
In base 11, what is -3a1 - 8aa?
-11a0
In base 13, what is -363319 + -9?
-363325
In base 4, what is -2331 - -3000222110?
3000213113
In base 12, what is -186 - 251727?
-2518b1
In base 8, what is -4 - 17462124?
-17462130
In base 9, what is -273431871 + -2?
-273431873
In base 14, what is 315ad732 + -4?
315ad72c
In base 11, what is 3921 - 3126?
7a6
In base 5, what is -120 + -104240102?
-104240222
In base 16, what is -143981fd + 1?
-143981fc
In base 11, what is 495682 + 453?
496025
In base 15, what is -1e11 + -323?
-2234
In base 10, what is -358114 + 729?
-357385
In base 7, what is 3154034 - -21?
3154055
In base 7, what is 12263656 - 146?
12263510
In base 7, what is -1065353243 - -33?
-1065353210
In base 9, what is -22 + -10807041?
-10807063
In base 10, what is 114 + -3553675?
-3553561
In base 6, what is 530 - 110503?
-105533
In base 13, what is -3757 - -100c?
-2748
In base 15, what is 5 + 119c9b9?
119c9be
In base 11, what is 20 - 670857?
-670837
In base 10, what is 610 - 20421?
-19811
In base 4, what is -12112231 + -223233?
-13002130
In base 7, what is 25003 + -512?
24161
In base 6, what is 1133545 - -31?
1134020
In base 2, what is 11111111110101 - -111110001?
100000111100110
In base 9, what is 7 + -2021225?
-2021217
In base 7, what is -43424 - -102450?
26023
In base 7, what is 434546430 + 22?
434546452
In base 8, what is 3 - 335204547?
-335204544
In base 7, what is -100 + 22002020?
22001620
In base 10, what is 2 + 1736115?
1736117
In base 5, what is 3203 - 2440242?
-2432034
In base 3, what is 2120222120 + 120220?
2121120110
In base 13, what is -6 - -8bc0?
8bb7
In base 5, what is 3241243023 - -24?
3241243102
In base 9, what is 14711 + -111?
14600
In base 12, what is 1b + -25005?
-24ba6
In base 11, what is 1667280 + 26a?
166753a
In base 5, what is -123 - -2341244?
2341121
In base 6, what is -20 - 3133212334?
-3133212354
In base 15, what is 4b72c8d - 2?
4b72c8b
In base 15, what is 6bb64 - -cd?
6bc42
In base 5, what is -11 - 1232120423?
-1232120434
In base 5, what is 10 + -3043341100?
-3043341040
In base 12, what is 2 + -3bb8b50?
-3bb8b4a
In base 3, what is 200221200020 + 1200002?
201000100022
In base 11, what is 2 + 10a89952?
10a89954
In base 3, what is -20000202001 + -100001?
-20001002002
In base 5, what is -20304 - -14134431?
14114122
In base 16, what is -68143 - -8?
-6813b
In base 7, what is -1613 + 1400?
-213
In base 15, what is -390bd + -1139?
-3a207
In base 15, what is -32 + 62193?
62161
In base 10, what is 2 + 162961894?
162961896
In base 5, what is -202102232310 + 0?
-202102232310
In base 16, what is -478 - 125b?
-16d3
In base 3, what is -1011 + 1221221020022?
1221221012011
In base 10, what is 85 - -171858?
171943
In base 3, what is -1121110210101212 + -122?
-1121110210102111
In base 7, what is -232653 - -206?
-232444
In base 12, what is 4b9369a + 1?
4b9369b
In base 2, what is -100101110111010001011101 + 100?
-100101110111010001011001
In base 16, what is -11 + -28fbe?
-28fcf
In base 5, what is -20220 + 23333100?
23312330
In base 5, what is 301332 + 11432?
313314
In base 8, what is -5174 - 3052?
-10246
In base 5, what is 30041 + 11332?
41423
In base 9, what is 36 - -1047545?
1047582
In base 13, what is -c9045 - -21c?
-c8b26
In base 3, what is 21202220111 - -202100?
21210122211
In base 8, what is 30 + -3256452?
-3256422
In base 3, what is -12 - 101010002202110?
-101010002202122
In base 14, what is 48a9d + 222?
48cc1
In base 7, what is -2666 + -1443134?
-1446133
In base 7, what is 5 + -224552635?
-224552630
In base 7, what is 2 - 640056452?
-640056450
In base 7, what is 2 + -11016453?
-11016451
In base 14, what is 44 - -3715db6?
371601a
In base 3, what is -21110100212222100 - 11?
-21110100212222111
In base 6, what is -131402402 - 22?
-131402424
In base 6, what is -102113 - -352?
-101321
In base 2, what is -101101110001111 + -11111000?
-101110010000111
In base 8, what is 5200 + 34540?
41740
In base 3, what is 0 + -200211201001202011?
-200211201001202011
In base 8, what is -11702 - -2436?
-7244
In base 7, what is 5022613 - -10?
5022623
In base 14, what is -570 - -4c7c7?
4c257
In base 2, what is -11010 - 1010100111001100100000110?
-1010100111001100100100000
In base 9, what is -17 - 1727076?
-1727104
In base 16, what is 0 - 4eb503?
-4eb503
In base 16, what is -4 + -c80b48?
-c80b4c
In base 12, what is 0 + 1452746?
1452746
In base 14, what is 933492 - -1?
933493
In base 6, what is -3230 + 24555?
21325
In base 15, what is -38d + -d4d?
-11db
In base 12, what is -6 + 185b2a0?
185b296
In base 13, what is 20602 - -4283?
24885
In base 3, what is -10221001122120 - -22?
-10221001122021
In base 4, what is -111 + 1221101131?
1221101020
In base 5, what is 1104112 - 442411?
11120